s the greatest common factor of 135 and s?
27
Let f(n) be the third derivative of 3*n**5/20 + n**4/6 - n**3/2 + 2*n**2. Let w be f(3). Calculate the greatest common factor of 10 and w.
10
Suppose 4*z = v + 14, 4*z - 2 = -2*v - 3*v. Let a = 5 - z. Calculate the greatest common divisor of a and 4.
2
Let p(j) = -j**2 + 26. Let h be p(0). Suppose d + 65 = 2*d. Calculate the highest common divisor of d and h.
13
Suppose 0*c + c = 33. Let z = 147 - 144. What is the greatest common factor of c and z?
3
Let a = 54 - 37. Calculate the greatest common divisor of 34 and a.
17
Let w be (-8)/(-6)*12*8. Let v = -27 - -43. Calculate the greatest common divisor of v and w.
16
Let o(m) = -21*m + 1. Let c be o(-1). Let y be ((-11)/(-3))/(5/15). Calculate the greatest common factor of c and y.
11
Suppose -35 - 46 = -9*p. What is the highest common factor of 99 and p?
9
Let a(o) = 0*o**3 - o + 0*o - 19 + o**3. Let w be a(0). Let k = w - -30. What is the greatest common factor of 11 and k?
11
Suppose -5*u + 112 = -3*g + 37, -u - 3*g = -33. What is the greatest common factor of u and 36?
18
Suppose 10 + 20 = 6*q. Calculate the greatest common divisor of 5 and q.
5
Suppose -8 = 2*r + 4*l, -4*l + 6 - 18 = 0. Let j be -1*(-16 + (0 - -1)). Suppose -r*h + j = -3. What is the highest common factor of 81 and h?
9
Let z = 1 + 10. Suppose -3*b + 443 = -c, 3*c + 2 = 14. Let x = b - 105. What is the highest common factor of z and x?
11
Suppose -5*s + 41 - 16 = 0. Calculate the greatest common factor of 1 and s.
1
Suppose 0 = -6*a + 5*a + 3. What is the greatest common divisor of a and 21?
3
Suppose -7*t = -2*j - 2*t + 84, 5*t = -4*j + 168. What is the highest common factor of 168 and j?
42
Let a(c) be the first derivative of c**3 + c**2/2 + 7*c - 2. Let t be -1*(-1)/(-2)*10. Let q be a(t). What is the highest common factor of 7 and q?
7
Let l(i) = -i**2 - 2*i + 6. Let p be l(-5). Let b be 36/(-24)*2*-1. Let j be 1/(b*(-1)/p). What is the highest common divisor of j and 24?
3
Let q(d) = -d**2 - 5*d - 3. Let c be q(-7). Let u = c + 24. Let y(o) = 2*o**2 + 6*o - 6. Let f be y(-5). Calculate the greatest common divisor of f and u.
7
Suppose -3*a + 4*y + 520 = 0, 5*a - 4*y - 404 = 452. Calculate the highest common divisor of a and 42.
42
Let y be (7/(-21))/((-3)/126). Calculate the highest common divisor of 2 and y.
2
Suppose -9*w = -13*w + 4. Suppose 3*v = -4*t + 19, -27 = -5*t - 2*v - 5. What is the highest common factor of t and w?
1
Suppose -8 = -j - 5. What is the greatest common divisor of 33 and j?
3
Suppose 3*v + 1 - 4 = 0. Let y(d) = d**2 + 2*d - 1. Let o be y(-3). Calculate the highest common divisor of v and o.
1
Suppose -6*f + 786 + 1458 = 0. What is the highest common factor of f and 34?
34
Let f(j) = j**2 - j. Let x be f(2). Suppose 3*o + 34 = 5*b + 4*o, o = b - x. Let s = 8 - b. What is the highest common divisor of 4 and s?
2
Suppose -2*a + 8 = k + 1, -3*a - k = -9. Let p be (-9)/6 + 309/a. What is the highest common factor of p and 17?
17
Let q = 9 - 1. Let t(j) = -j**2 - 7*j + 12. Let a be t(-9). Let g = q + a. What is the greatest common factor of g and 8?
2
Let l(b) be the third derivative of -b**6/120 - b**4/24 + 4*b**2. Let j be l(-2). Calculate the highest common factor of 80 and j.
10
Suppose 0*v - 8 = v. Let d = v - -3. Let z(r) = r**2 + 5*r + 7. Let b be z(d). What is the highest common divisor of 7 and b?
7
Let t be (-4)/(-18) + (-588)/(-27). What is the highest common factor of t and 44?
22
Let w(t) = 2*t - 4. Let x be w(16). What is the highest common divisor of 112 and x?
28
Suppose g - 432 = -2*s - 3*g, 5*s = -2*g + 1096. Calculate the greatest common factor of 20 and s.
20
Let o be (-4)/16 - 26/(-8). Suppose o + 349 = 4*h. Suppose 0 = -2*x + x + h. Calculate the highest common divisor of x and 11.
11
Let k(u) = 2*u + 1. Let f be k(-2). Let z be (2/f)/((-10)/(-15)). Let w(y) = 45*y**2 - 1. Let m be w(z). What is the greatest common factor of 4 and m?
4
Let l(j) = 3*j - 18. Let c be l(8). What is the greatest common divisor of c and 6?
6
Let a(w) = w**2 - w + 6. Let k be a(0). What is the highest common divisor of k and 15?
3
Let w be (1 - -4 - 2)/(27/252). What is the greatest common factor of 28 and w?
28
Suppose -3 = -4*c + 81. Let f(z) = z**3 - 7*z**2 - z + 10. Let b be f(7). What is the highest common divisor of c and b?
3
Suppose 3*m - 848 = -5*z, -z - 2*m + 5*m = -166. Calculate the highest common divisor of z and 13.
13
Suppose 5*l = -4*u, 5*u - 4*l = -0*l. Suppose 5*y - 133 + 43 = u. What is the greatest common divisor of y and 2?
2
Let h = -57 - -106. Suppose y - 19 = -4*x, -4*x + 3*y = -2*y - h. What is the greatest common divisor of 36 and x?
6
Suppose 0 = -6*q - 2*q + 72. What is the highest common factor of 63 and q?
9
Let v(p) = p**2 - p. Let r be v(-4). What is the greatest common factor of 20 and r?
20
Let s be (2 + 0)/(2/3). Suppose -x + s*x = 44. What is the highest common divisor of x and 55?
11
Let q be 69 + (4/(-2))/(-2). Suppose 8*r = 4*r + 40. Let b = 20 - r. What is the greatest common factor of b and q?
10
Suppose -2*i + 73 = -p, 3*i + 50 = -5*p + 179. Calculate the highest common divisor of i and 19.
19
Let x(s) = s**3 - 20*s**2 - 19*s - 16. Let v be x(21). Calculate the highest common factor of v and 26.
26
Let u = -113 - -119. Calculate the greatest common divisor of u and 48.
6
Let n = 17 - 21. Let v be (-12)/4 + 59 + n. Calculate the greatest common divisor of 26 and v.
26
Let u be 0 - 4*(-15)/3. Calculate the greatest common divisor of u and 60.
20
Let l be (-2)/9 + (-164)/(-9). What is the greatest common factor of 24 and l?
6
Let t(o) = o**3 - 14*o**2 + 15*o - 18. Let s be t(13). Let g = s - 5. Calculate the greatest common divisor of g and 3.
3
Let a(y) = -y**3 - 2*y**2 - 2*y - 1. Let r be a(-3). What is the highest common factor of r and 98?
14
Let r(o) = 0*o**2 - 1 + 2*o**2 + 99*o - 91*o. Let i be r(-5). What is the highest common divisor of i and 36?
9
Let h(m) = -6*m - 11. Let o be (-42)/(-4)*2/3. Let t(i) = -3*i - 5. Let n(y) = o*t(y) - 3*h(y). Let d be n(-9). Calculate the greatest common factor of 5 and d.
5
Suppose -6*i + 3*i - 3*l = 108, i - 2*l + 33 = 0. Let u be ((-90)/i)/(9/168). Let o be 4/14 + 164/14. What is the highest common factor of o and u?
12
Suppose 91 = 2*d + 31. Suppose 2*r + i = -i + 4, 8 = -2*r - 5*i. Calculate the highest common factor of d and r.
6
Suppose 16*x - 145 = 11*x. Calculate the highest common factor of x and 29.
29
Let a be -2 - -11 - (-3 + 6). Let r = -3 + a. What is the highest common factor of r and 1?
1
Let v be (-9)/(-12) + (-114)/24. Let p be (-12)/v*1 + -1. Calculate the highest common divisor of p and 3.
1
Let u be (-1)/2*(-6)/(-5)*-10. Calculate the highest common factor of 102 and u.
6
Let i(m) = -m**2 + 8*m + 4. Let h be i(6). Suppose p = 38 + 26. What is the greatest common factor of p and h?
16
Suppose 4*h = 3*r + 47, 5*h = 2*r + 2*r + 60. Calculate the highest common factor of 4 and h.
4
Let g(b) = 3*b**2 + 9*b + 9. Let v be g(-4). What is the highest common divisor of v and 189?
21
Let v be (-1432)/(-11) + (-2 - 140/(-77)). What is the highest common factor of v and 10?
10
Let n(v) = v**2 - 4*v - 47. Let b be n(-6). What is the highest common divisor of 65 and b?
13
Suppose -2*o - 24 = -2*j, -4 = -j + 2*o + o. Let z = -1 + 1. Suppose 2*n = 4 - z. What is the greatest common divisor of n and j?
2
Suppose -160 = -3*m + 5. Let n(b) = 4*b. Let q be n(1). Suppose 0 = 4*r - a - 44, 7*r + q*a = 2*r + 55. Calculate the highest common divisor of r and m.
11
Let q be (-10)/((0 + 4)/(-4)). Calculate the highest common factor of 4 and q.
2
Let f(k) = -k**3 + 9*k**2 - 9*k + 3. Let d be f(8). Let w be (d + -16)*2/(-3). Calculate the greatest common factor of w and 70.
14
Let k be ((-2)/(-4))/((-2)/(-4)). Let l be (1 - 4)/(6/(-2)). Calculate the highest common factor of l and k.
1
Let d be (1*-1 + -3)*-5. Suppose -w + 5*a - a = -5, 0 = -2*a. Suppose -w*f - 8 = -28. What is the highest common factor of f and d?
4
Let c = -27 + 59. Calculate the highest common divisor of 32 and c.
32
Let m(s) = s + 11. Let f be m(-9). Suppose 5*j = 10, j = f*z + 4*j - 10. What is the highest common divisor of z and 10?
2
Let z(t) = -7*t**3 - 2*t - 1. Let a(c) = -c - 1. Let m(i) = -2*a(i) + z(